-6).
-2
Let r(f) = f**3 - 3*f**2 - 2*f - 4. Let d be r(4). Let t = -9 + d. Let w(m) = -9*m + m**2 - 2 + 30*m - 2*m - 11*m + 9. What is w(t)?
-8
Let i(d) = 10*d**2 + 3*d - 16. Suppose t + t + 4 = 0. Let o(u) = -3*u**2 - u + 6. Let m(q) = t*i(q) - 7*o(q). Give m(0).
-10
Let t(u) = -2*u + 13. Let j be t(-11). Let b = -34 + j. Let y(l) = 8*l**2 + 2*l - 1. Give y(b).
9
Suppose -25 = 3*a - 2*w + 6*w, 0 = a - 4*w + 19. Let l(s) = -s**3 - 12*s**2 - 9*s + 14. Calculate l(a).
-8
Let s(n) = 4*n**3 + 12*n**2 - 6*n - 13. Let w(x) = 5*x**3 + 13*x**2 - 6*x - 14. Let z(i) = -6*s(i) + 5*w(i). What is z(6)?
8
Let w be 2/(-8) + (-3)/60*-5. Suppose w = -m + 2*m + 7. Let s(d) = 2*d + 8. Give s(m).
-6
Let m(u) = u + 10. Let s(j) = -j - 11. Let r(n) = -6*m(n) - 5*s(n). Suppose h = 3*o + 2, 46*o = 48*o + 5*h - 10. Calculate r(o).
-5
Let s = 28 - 26. Let y(a) = -s + 0*a + 6*a - a**2 - 3 - 1. Give y(6).
-6
Let i(u) = u**3 - 5*u**2. Suppose 6 = -p + 10. Give i(p).
-16
Let f = 914 - 912. Let b(h) = -h**2 - 4*h + 3. Calculate b(f).
-9
Let j(u) = 60 - 2*u**2 - 37 - 6 - 15. Let k(s) = -s**2 + 8*s + 3. Let i be k(8). Determine j(i).
-16
Let d(x) = -6*x - 3. Suppose 7*q + 64 = 22. Let f be (0 + -2)/q*30/(-5). Determine d(f).
9
Suppose -9*v = v - 20. Let a(o) = 0*o + o + 1 - 188*o**2 + 193*o**v. What is a(-1)?
5
Let i(f) = -7*f**2 - 4*f + 9. Let o(a) = 38*a**2 + 19*a - 46. Let n(h) = 11*i(h) + 2*o(h). Let x(d) = 2*d - 3. Let r be x(-2). Determine n(r).
0
Let j(i) be the second derivative of -i**4/2 - i**3/2 - i**2 - 2*i - 15. Determine j(-2).
-20
Let o(i) = -2*i**2 + 0*i**3 + 119 - 118 + 5*i**3. Let j = 11 + -12. What is o(j)?
-6
Let y(f) be the second derivative of -9*f**3/2 + 322*f. What is y(-1)?
27
Let v = 23 - 10. Let p(a) = 11*a**3 - 9*a**2 - 15*a - 11. Let g(l) = 5*l**3 - 4*l**2 - 7*l - 5. Let q(z) = v*g(z) - 6*p(z). Calculate q(2).
-1
Let u(j) = j**3 + 2*j**2 + j - 2. Let p(o) = -6*o**3 - 6*o**2 - 6*o + 9. Let r(b) = p(b) + 5*u(b). Determine r(2).
5
Let s(q) = -q**3 + 6*q**2 - 7*q - 1. Suppose 306 = -6*p + 84. Let m = -32 - p. Determine s(m).
-11
Let j(p) = 2*p**2 - 8*p + 7. Suppose 3*t + 58 = 5*v + 43, -8 = 2*v - 4*t. Determine j(v).
31
Suppose -3*z + 1 = -8. Suppose 2*s - 5*s = z*j, 2*j + 8 = -4*s. Let d(y) = -1 - 2 + 10*y + 0*y - 7*y. Give d(j).
9
Let n = -12 + 17. Let b(j) = 32*j - 30*j - n + 6*j**2 + 3. Let u = -1 - 1. Give b(u).
18
Let l be 18/(-63) - (0 + 32/(-14)). Let q(y) = y**3 + 4*y**l - 245 + 7*y + 3*y**2 + 248. Determine q(-6).
-3
Let h be -2 + (-5)/(-5) - (-1 - 2). Let u(y) = y**3 - 2*y. What is u(h)?
4
Suppose -23 = -h - 18. Let d(p) be the first derivative of -1/2*p**2 + 13 - h*p. Give d(0).
-5
Let i(p) = p**2 - p - 3. Let l(a) = a**3 + 1. Let n(m) = 3*m**3 + 5*m**2 - 7*m + 10. Let y(x) = -4*l(x) + n(x). Let o be y(3). Determine i(o).
3
Let t(h) = -6*h + 1. Let q(v) = v**2 - v - 9. Let d be (-3 + (3 - 0))/(-2). Let w be q(d). Let l = 8 + w. Give t(l).
7
Let q(z) = 33*z + 15. Let d(i) = -16*i - 7. Let a(s) = 13*d(s) + 6*q(s). Let p = -40 + 41. What is a(p)?
-11
Let a(h) = -154*h + 164*h - 15 - h**2 + 4*h**2 - 4*h**2. Calculate a(6).
9
Let f(j) = j**2 - 3*j - 2. Let o(w) = w. Let q be (-4)/(-8)*2/(-1). Let p(g) = q*o(g) - f(g). Let i = -2 + 5. Determine p(i).
-1
Let y(f) be the second derivative of 1/20*f**5 - 7*f + 0 + f**3 + 1/2*f**4 - 2*f**2. What is y(-5)?
-9
Let j(o) = -o**3 + 5*o**2 - o - 2. Let r(l) = 3*l + 2. Suppose -5*y + 2*y - 9 = 0, z = 2*y + 7. Let c be r(z). What is j(c)?
-7
Let t(d) = 2*d**2 - d - 2. Suppose -2 = 2*j + 3*n, -2*j - n = -4 + 6. Let l be 2/j + -2 + -31. Let z = l + 37. What is t(z)?
4
Let k(i) = 3*i + 3. Let h(x) = -x + 13. Let p be h(8). Let w(r) = 2*r + 3. Let z(o) = p*w(o) - 4*k(o). What is z(2)?
-1
Let p be (9/27)/(2/6). Let h(o) = 10*o + 15. Suppose -4*q + 25 = 2*k - 17, -4*k - 3*q + 69 = 0. Let f(i) = 1. Let x(n) = k*f(n) - h(n). What is x(p)?
-10
Let t(k) be the first derivative of k**6/360 - k**5/120 - k**4/12 - 4*k**3/3 + 11. Let p(q) be the third derivative of t(q). What is p(0)?
-2
Let u(r) = 33*r + 75. Let f(a) = -8*a - 20. Let x(z) = -9*f(z) - 2*u(z). What is x(-4)?
6
Let u = 165 - 89. Let p(g) = -u*g + 37*g + g**2 + 46*g - 1. Calculate p(-5).
-11
Let w(p) = -2*p + 9. Let s be w(18). Let x = s - -22. Let k(b) be the third derivative of -b**6/120 - b**5/15 + b**4/4 - b**3/3 + 3*b**2. Give k(x).
-7
Let u = 38 - 35. Let r be (u - -2)*6/10. Let j(k) = -k**2 + 3*k + 4. Calculate j(r).
4
Let h(i) = 9*i**2 + i**3 + 14 + 18 - 2 + 8*i - 31. Give h(-8).
-1
Let v(k) = 14*k + 4 - 7*k - 2596*k**2 + 2595*k**2. Give v(8).
-4
Let o(r) = -16*r**2 + 504*r + 21. Let y(h) = 3*h**2 - 92*h - 4. Let f(b) = -2*o(b) - 11*y(b). Suppose -2*c - 2 + 14 = 0. Determine f(c).
-10
Let g be 3/(-6)*-4 + -4. Suppose -3*f + 8 + 1 = 0. Let m(j) = 3*j**2 - 3*j + j**f + 3 + j + 6*j. Give m(g).
-1
Let f(j) = j**3 - 2*j**2 - j - 3. Let l be f(3). Let v be l*7/((-63)/(-6)). Let z(g) = -g. Determine z(v).
-2
Let y(w) = w + 2. Let u = -108 + 117. What is y(u)?
11
Let f(l) be the second derivative of 5*l + 0*l**2 + 0 + 0*l**3 + 1/3*l**4 - 1/360*l**6 + 3/40*l**5. Let g(u) be the third derivative of f(u). Calculate g(6).
-3
Let h(v) = 2*v. Let u be h(2). Suppose 0*f = t + 2*f - 16, -u*f = -4*t + 52. Let b = t - 18. Let s(a) = -a**3 - 5*a**2 - 6*a - 2. What is s(b)?
6
Let j be (-6)/12*4*(3 - 2). Suppose 0 = 4*q - 7 - 1. Let r(p) = 1 + p**3 + p**2 - 3*p**2 - p + 3*p**q. Calculate r(j).
-1
Let h(r) = -r**3 + 9*r**2 + 11*r - 5. Let t = 140 - 130. Calculate h(t).
5
Suppose k + 8 + 1 = 2*y, -y + 22 = -4*k. Let q(m) = -2*m**2 - 3*m + 6. Determine q(k).
-29
Let s(n) = n - 11. Suppose 13*d - 308 = 11*d. Let b be (4/(-7))/((-11)/d). Calculate s(b).
-3
Let k(m) = 2*m**2 + 14*m + 16. Let l be k(-6). Let x(s) = s + 2. Determine x(l).
6
Let f(x) = -556*x**2 + 1101*x**2 - 547*x**2 - 2 + 4*x. Suppose 2*g - 1 = 4*h - 7, -4*h = -12. Give f(g).
-8
Let b(s) = 10*s**2 + 14*s - 548 + 550 - 11*s**2. What is b(7)?
51
Let c(k) = 1. Let z(g) = -g**3 + 6*g**2 + 6*g + 5. Let x(i) = -4*c(i) + z(i). Give x(7).
-6
Let q = -43 - -28. Let m = -11 - q. Let n be 10/15*(-30)/m. Let f(t) = -t**2 - 6*t + 1. Determine f(n).
6
Let m(j) = 4*j**2 - 8*j - 17. Let t(l) = -l**2 - l. Let s(x) = m(x) + 6*t(x). Let u be s(-6). Let f(v) = -v - 4. Determine f(u).
1
Suppose n + 99 = 14. Let w = n + 84. Let h(j) = j**3 - 1. Let t(i) = 2*i**3 + i**2 + 5. Let d(g) = -5*h(g) - t(g). What is d(w)?
6
Suppose -3*h - 9 = 0, 2 = -g - 3*h - 2. Let w(p) = -4*p + 12. Give w(g).
-8
Let j(h) = -h**2 + 11*h + 7. Let m = -233 + 244. Determine j(m).
7
Let u(c) be the second derivative of -c**6/120 - 7*c**5/60 - c**4/4 + c**3/3 - 5*c**2 + 2*c. Let t(s) be the first derivative of u(s). Determine t(-5).
-18
Suppose 11*a - 12*a = -3*p - 7, -5*p - 17 = a. Let b be ((-6)/4)/((-3)/8). Let k(x) = -2*x**2 - b*x + 0*x - x - 3. Calculate k(p).
-6
Suppose -d + 2*w = -3, 5 = -5*d + 3*w + 20. Let v(s) = 4*s**2 - 4*s + 3. Determine v(d).
27
Suppose 8*f - 3*f = 40. Let y(q) = 5*q - q + 12 - 2*q - f. Suppose -13 = -g - 9. Give y(g).
12
Let l be (-120)/(-18) - 1/(-3). Let k(o) = o - 2. Let b be k(l). Let r(w) = -9*w + 1. Let c(n) = -3*n. Let d(z) = 8*c(z) - 3*r(z). Calculate d(b).
12
Let o(y) = 12*y - 37*y + 4 + 3*y + y**2 + 14*y. Calculate o(3).
-11
Let s(a) = -4*a + 8*a - 12*a + a**2 + 5*a. Give s(5).
10
Let g be (-1)/(-3)*(16 - 1). Let v be (g + -1)*(-12)/16. Let q(z) be the first derivative of -z**4/4 - 2*z**3/3 + 3*z**2/2 - 3*z - 1227. Calculate q(v).
-3
Let h(s) = -5*s - 15. Let x be (-2)/4*4/(-1). Suppose -j = x*v, -8 = -0*j + 2*j + 2*v. Let i(r) = 2*r + 5. Let f(g) = j*i(g) - 3*h(g). Determine f(0).
5
Let i be (-2*9/(-6))/1. Suppose 4 = i*w - 2. Suppose -3 = -w*d + 3. Let y(r) = -2*r + 3. Calculate y(d).
-3
Let p(x) = -x + 23. Let q be 35/(-665) + (-264)/38. Give p(q).
30
Suppose 8*p - 4*p - 16 = 0. Suppose -p*k = -10*k + 12. Let v(r) = -r**3 + r**2 - 2. Give v(k).
-6
Let b be (-101)/3 - 2/6. Let a = 36 + b. Let v(k) = k**a - k + 0*k + 8*k - 3 + 7. Determine v(-5).
-6
Let q(n) = -n**2 + 7*n + 10. Let w = 15 + -7. Let d be q(w). Let r(b) = d - 4 - 4*b + 3 - 5. Give r(-5).
16
Let r(x) = 1656*x**3 - 1657*x**3 - 16*x + 14*x - 4*x**2. Calculate r(-4).
8
Let l(i) = -2*i + 2. Let y be l(4). Let x(s) be the first derivative of 3*s**2 - 1 +